{"id":262,"date":"2026-01-24T11:11:00","date_gmt":"2026-01-24T10:11:00","guid":{"rendered":"https:\/\/jugendlager.at\/?page_id=262"},"modified":"2026-01-24T11:54:12","modified_gmt":"2026-01-24T10:54:12","slug":"das-jugendlager","status":"publish","type":"page","link":"https:\/\/jugendlager.at\/index.php\/das-jugendlager\/","title":{"rendered":"Das Jugendlager"},"content":{"rendered":"\t\t<div data-elementor-type=\"wp-page\" data-elementor-id=\"262\" class=\"elementor elementor-262\">\n\t\t\t\t<div class=\"elementor-element elementor-element-3022e0f e-flex e-con-boxed e-con e-parent\" data-id=\"3022e0f\" data-element_type=\"container\" data-e-type=\"container\">\n\t\t\t\t\t<div class=\"e-con-inner\">\n\t\t\t\t<div class=\"elementor-element elementor-element-0e1b07c elementor-widget elementor-widget-heading\" data-id=\"0e1b07c\" data-element_type=\"widget\" data-e-type=\"widget\" data-widget_type=\"heading.default\">\n\t\t\t\t<div class=\"elementor-widget-container\">\n\t\t\t\t\t<h2 class=\"elementor-heading-title elementor-size-default\">Feuerwehrjugend in \u00d6sterreich<\/h2>\t\t\t\t<\/div>\n\t\t\t\t<\/div>\n\t\t\t\t\t<\/div>\n\t\t\t\t<\/div>\n\t\t<div class=\"elementor-element elementor-element-8e4fe8f e-flex e-con-boxed e-con e-parent\" data-id=\"8e4fe8f\" data-element_type=\"container\" data-e-type=\"container\">\n\t\t\t\t\t<div class=\"e-con-inner\">\n\t\t\t\t<div class=\"elementor-element elementor-element-2ab9cb7 elementor-widget__width-initial elementor-widget elementor-widget-image\" data-id=\"2ab9cb7\" data-element_type=\"widget\" data-e-type=\"widget\" data-widget_type=\"image.default\">\n\t\t\t\t<div class=\"elementor-widget-container\">\n\t\t\t\t\t\t\t\t\t\t\t\t\t\t\t<img fetchpriority=\"high\" decoding=\"async\" width=\"814\" height=\"1024\" src=\"https:\/\/jugendlager.at\/wp-content\/uploads\/2026\/01\/7.1.008_GR_Korpsabzeichen-Jugend-814x1024.png\" class=\"attachment-large size-large wp-image-265\" alt=\"\" srcset=\"https:\/\/jugendlager.at\/wp-content\/uploads\/2026\/01\/7.1.008_GR_Korpsabzeichen-Jugend-814x1024.png 814w, https:\/\/jugendlager.at\/wp-content\/uploads\/2026\/01\/7.1.008_GR_Korpsabzeichen-Jugend-238x300.png 238w, https:\/\/jugendlager.at\/wp-content\/uploads\/2026\/01\/7.1.008_GR_Korpsabzeichen-Jugend-768x966.png 768w, https:\/\/jugendlager.at\/wp-content\/uploads\/2026\/01\/7.1.008_GR_Korpsabzeichen-Jugend.png 1080w\" sizes=\"(max-width: 814px) 100vw, 814px\" \/>\t\t\t\t\t\t\t\t\t\t\t\t\t\t\t<\/div>\n\t\t\t\t<\/div>\n\t\t<div class=\"elementor-element elementor-element-fb4723f e-con-full e-flex e-con e-child\" data-id=\"fb4723f\" data-element_type=\"container\" data-e-type=\"container\">\n\t\t\t\t<div class=\"elementor-element elementor-element-1f4a7f2 elementor-widget elementor-widget-text-editor\" data-id=\"1f4a7f2\" data-element_type=\"widget\" data-e-type=\"widget\" data-widget_type=\"text-editor.default\">\n\t\t\t\t<div class=\"elementor-widget-container\">\n\t\t\t\t\t\t\t\t\t<p>Die <strong>Feuerwehrjugend<\/strong> ist ein wichtiger Bestandteil innerhalb der \u00f6sterreichischen Feuerwehrstrukturen. Sie bietet M\u00e4dchen und Burschen im Jugendalter eine sinnvolle Freizeitgestaltung, bei der Teamgeist, Verantwortung, Technik und Kameradschaft im Mittelpunkt stehen.<\/p><p>Die Feuerwehrjugend bietet Kindern und Jugendlichen ab etwa <strong data-start=\"181\" data-end=\"193\">8 Jahren<\/strong> die M\u00f6glichkeit, Teil der Feuerwehr zu werden, wobei der <strong data-start=\"251\" data-end=\"296\">\u00dcbertritt in den Aktivdienst ab 16 Jahren<\/strong> erfolgt. In ganz \u00d6sterreich z\u00e4hlt die Feuerwehrjugend zu den gr\u00f6\u00dften Jugendorganisationen und vereint mehrere zehntausend Mitglieder. Die Ausbildung umfasst grundlegende Inhalte wie <strong data-start=\"479\" data-end=\"540\">Brandbek\u00e4mpfung, Ger\u00e4tekunde, Erste Hilfe und Zivilschutz<\/strong> und wird durch zahlreiche spielerische und praktische Aktivit\u00e4ten erg\u00e4nzt, die gezielt auf den sp\u00e4teren Feuerwehrdienst vorbereiten. Ein besonderer Schwerpunkt liegt dabei auf <strong data-start=\"717\" data-end=\"748\">Kameradschaft und Teamgeist<\/strong>, die durch gemeinsame \u00dcbungen, Wettbewerbe und Aktivit\u00e4ten gef\u00f6rdert werden.<\/p>\t\t\t\t\t\t\t\t<\/div>\n\t\t\t\t<\/div>\n\t\t\t\t<\/div>\n\t\t\t\t\t<\/div>\n\t\t\t\t<\/div>\n\t\t<div class=\"elementor-element elementor-element-7dc8197 e-flex e-con-boxed e-con e-parent\" data-id=\"7dc8197\" data-element_type=\"container\" data-e-type=\"container\">\n\t\t\t\t\t<div class=\"e-con-inner\">\n\t\t\t\t<div class=\"elementor-element elementor-element-ba406d1 elementor-widget-divider--view-line elementor-widget elementor-widget-divider\" data-id=\"ba406d1\" data-element_type=\"widget\" data-e-type=\"widget\" data-widget_type=\"divider.default\">\n\t\t\t\t<div class=\"elementor-widget-container\">\n\t\t\t\t\t\t\t<div class=\"elementor-divider\">\n\t\t\t<span class=\"elementor-divider-separator\">\n\t\t\t\t\t\t<\/span>\n\t\t<\/div>\n\t\t\t\t\t\t<\/div>\n\t\t\t\t<\/div>\n\t\t\t\t\t<\/div>\n\t\t\t\t<\/div>\n\t\t<div class=\"elementor-element elementor-element-a339d69 e-flex e-con-boxed e-con e-parent\" data-id=\"a339d69\" data-element_type=\"container\" data-e-type=\"container\">\n\t\t\t\t\t<div class=\"e-con-inner\">\n\t\t\t\t<div class=\"elementor-element elementor-element-895e39c elementor-widget elementor-widget-heading\" data-id=\"895e39c\" data-element_type=\"widget\" data-e-type=\"widget\" data-widget_type=\"heading.default\">\n\t\t\t\t<div class=\"elementor-widget-container\">\n\t\t\t\t\t<h2 class=\"elementor-heading-title elementor-size-default\">Das 4 Bezirke Jugendlager<\/h2>\t\t\t\t<\/div>\n\t\t\t\t<\/div>\n\t\t\t\t\t<\/div>\n\t\t\t\t<\/div>\n\t\t<div class=\"elementor-element elementor-element-22a8160 e-flex e-con-boxed e-con e-parent\" data-id=\"22a8160\" data-element_type=\"container\" data-e-type=\"container\">\n\t\t\t\t\t<div class=\"e-con-inner\">\n\t\t<div class=\"elementor-element elementor-element-3a735a0 e-con-full e-flex e-con e-child\" data-id=\"3a735a0\" data-element_type=\"container\" data-e-type=\"container\">\n\t\t\t\t<div class=\"elementor-element elementor-element-4b2ea36 elementor-widget elementor-widget-text-editor\" data-id=\"4b2ea36\" data-element_type=\"widget\" data-e-type=\"widget\" data-widget_type=\"text-editor.default\">\n\t\t\t\t<div class=\"elementor-widget-container\">\n\t\t\t\t\t\t\t\t\t<p>Das <strong>4-Bezirke-Jugendlager<\/strong> der Feuerwehrjugend ist das absolute <strong>Highlight im Kalender<\/strong> der Jugendfeuerwehren und bringt Jugendliche aus den Bezirken <strong>Braunau, Grieskirchen, Sch\u00e4rding und V\u00f6cklabruck<\/strong> zusammen. Rund <strong>3.000 Teilnehmerinnen und Teilnehmer<\/strong> werden erwartet, die vier Tage voller Gemeinschaft, Spa\u00df und spannender Aktivit\u00e4ten erleben.<\/p><p>Das Programm des Lagers ist vielf\u00e4ltig und praxisnah: Neben <strong>Lagerolympiaden, Wanderungen und sportlichen Wettbewerben<\/strong> stehen auch <strong>Freizeitangebote, kreative Aktivit\u00e4ten, ein Diskoabend, eine Zaubershow und gemeinsame Lagererlebnisse<\/strong> auf dem Plan.<\/p><p>Im Mittelpunkt des Lagers stehen <strong>Kameradschaft, Teamgeist, Verantwortung und Feuerwehrwissen<\/strong>. Das 4-Bezirke-Jugendlager bietet damit die perfekte Gelegenheit, neue Freundschaften zu schlie\u00dfen, Herausforderungen gemeinsam zu meistern und unvergessliche Erlebnisse in der Feuerwehrjugend zu sammeln.<\/p>\t\t\t\t\t\t\t\t<\/div>\n\t\t\t\t<\/div>\n\t\t\t\t<\/div>\n\t\t\t\t<div class=\"elementor-element elementor-element-651c7c9 elementor-widget elementor-widget-image\" data-id=\"651c7c9\" data-element_type=\"widget\" data-e-type=\"widget\" data-widget_type=\"image.default\">\n\t\t\t\t<div class=\"elementor-widget-container\">\n\t\t\t\t\t\t\t\t\t\t\t\t\t\t\t<img decoding=\"async\" width=\"512\" height=\"512\" src=\"https:\/\/jugendlager.at\/wp-content\/uploads\/2025\/03\/cropped-cropped-Logo-mit-Feuerrad-XHDGq.png\" class=\"attachment-large size-large wp-image-113\" alt=\"\" srcset=\"https:\/\/jugendlager.at\/wp-content\/uploads\/2025\/03\/cropped-cropped-Logo-mit-Feuerrad-XHDGq.png 512w, https:\/\/jugendlager.at\/wp-content\/uploads\/2025\/03\/cropped-cropped-Logo-mit-Feuerrad-XHDGq-300x300.png 300w, https:\/\/jugendlager.at\/wp-content\/uploads\/2025\/03\/cropped-cropped-Logo-mit-Feuerrad-XHDGq-150x150.png 150w, https:\/\/jugendlager.at\/wp-content\/uploads\/2025\/03\/cropped-cropped-Logo-mit-Feuerrad-XHDGq-270x270.png 270w, https:\/\/jugendlager.at\/wp-content\/uploads\/2025\/03\/cropped-cropped-Logo-mit-Feuerrad-XHDGq-192x192.png 192w, https:\/\/jugendlager.at\/wp-content\/uploads\/2025\/03\/cropped-cropped-Logo-mit-Feuerrad-XHDGq-180x180.png 180w, https:\/\/jugendlager.at\/wp-content\/uploads\/2025\/03\/cropped-cropped-Logo-mit-Feuerrad-XHDGq-32x32.png 32w\" sizes=\"(max-width: 512px) 100vw, 512px\" \/>\t\t\t\t\t\t\t\t\t\t\t\t\t\t\t<\/div>\n\t\t\t\t<\/div>\n\t\t\t\t\t<\/div>\n\t\t\t\t<\/div>\n\t\t\t\t<\/div>\n\t\t","protected":false},"excerpt":{"rendered":"<p>Feuerwehrjugend in \u00d6sterreich Die Feuerwehrjugend ist ein wichtiger Bestandteil innerhalb der \u00f6sterreichischen Feuerwehrstrukturen. Sie bietet M\u00e4dchen und Burschen im Jugendalter eine sinnvolle Freizeitgestaltung, bei der Teamgeist, Verantwortung, Technik und Kameradschaft im Mittelpunkt stehen. Die Feuerwehrjugend bietet Kindern und Jugendlichen ab etwa 8 Jahren die M\u00f6glichkeit, Teil der Feuerwehr zu werden, wobei der \u00dcbertritt in den [&hellip;]<\/p>\n","protected":false},"author":1,"featured_media":0,"parent":0,"menu_order":0,"comment_status":"closed","ping_status":"closed","template":"","meta":{"ocean_post_layout":"full-screen","ocean_both_sidebars_style":"","ocean_both_sidebars_content_width":0,"ocean_both_sidebars_sidebars_width":0,"ocean_sidebar":"","ocean_second_sidebar":"","ocean_disable_margins":"enable","ocean_add_body_class":"","ocean_shortcode_before_top_bar":"","ocean_shortcode_after_top_bar":"","ocean_shortcode_before_header":"","ocean_shortcode_after_header":"","ocean_has_shortcode":"","ocean_shortcode_after_title":"","ocean_shortcode_before_footer_widgets":"","ocean_shortcode_after_footer_widgets":"","ocean_shortcode_before_footer_bottom":"","ocean_shortcode_after_footer_bottom":"","ocean_display_top_bar":"default","ocean_display_header":"default","ocean_header_style":"","ocean_center_header_left_menu":"","ocean_custom_header_template":"","ocean_custom_logo":0,"ocean_custom_retina_logo":0,"ocean_custom_logo_max_width":0,"ocean_custom_logo_tablet_max_width":0,"ocean_custom_logo_mobile_max_width":0,"ocean_custom_logo_max_height":0,"ocean_custom_logo_tablet_max_height":0,"ocean_custom_logo_mobile_max_height":0,"ocean_header_custom_menu":"","ocean_menu_typo_font_family":"","ocean_menu_typo_font_subset":"","ocean_menu_typo_font_size":0,"ocean_menu_typo_font_size_tablet":0,"ocean_menu_typo_font_size_mobile":0,"ocean_menu_typo_font_size_unit":"px","ocean_menu_typo_font_weight":"","ocean_menu_typo_font_weight_tablet":"","ocean_menu_typo_font_weight_mobile":"","ocean_menu_typo_transform":"","ocean_menu_typo_transform_tablet":"","ocean_menu_typo_transform_mobile":"","ocean_menu_typo_line_height":0,"ocean_menu_typo_line_height_tablet":0,"ocean_menu_typo_line_height_mobile":0,"ocean_menu_typo_line_height_unit":"","ocean_menu_typo_spacing":0,"ocean_menu_typo_spacing_tablet":0,"ocean_menu_typo_spacing_mobile":0,"ocean_menu_typo_spacing_unit":"","ocean_menu_link_color":"","ocean_menu_link_color_hover":"","ocean_menu_link_color_active":"","ocean_menu_link_background":"","ocean_menu_link_hover_background":"","ocean_menu_link_active_background":"","ocean_menu_social_links_bg":"","ocean_menu_social_hover_links_bg":"","ocean_menu_social_links_color":"","ocean_menu_social_hover_links_color":"","ocean_disable_title":"on","ocean_disable_heading":"default","ocean_post_title":"","ocean_post_subheading":"","ocean_post_title_style":"","ocean_post_title_background_color":"","ocean_post_title_background":0,"ocean_post_title_bg_image_position":"","ocean_post_title_bg_image_attachment":"","ocean_post_title_bg_image_repeat":"","ocean_post_title_bg_image_size":"","ocean_post_title_height":0,"ocean_post_title_bg_overlay":0.5,"ocean_post_title_bg_overlay_color":"","ocean_disable_breadcrumbs":"default","ocean_breadcrumbs_color":"","ocean_breadcrumbs_separator_color":"","ocean_breadcrumbs_links_color":"","ocean_breadcrumbs_links_hover_color":"","ocean_display_footer_widgets":"default","ocean_display_footer_bottom":"default","ocean_custom_footer_template":"","footnotes":""},"class_list":["post-262","page","type-page","status-publish","hentry","entry"],"_links":{"self":[{"href":"https:\/\/jugendlager.at\/index.php\/wp-json\/wp\/v2\/pages\/262","targetHints":{"allow":["GET"]}}],"collection":[{"href":"https:\/\/jugendlager.at\/index.php\/wp-json\/wp\/v2\/pages"}],"about":[{"href":"https:\/\/jugendlager.at\/index.php\/wp-json\/wp\/v2\/types\/page"}],"author":[{"embeddable":true,"href":"https:\/\/jugendlager.at\/index.php\/wp-json\/wp\/v2\/users\/1"}],"replies":[{"embeddable":true,"href":"https:\/\/jugendlager.at\/index.php\/wp-json\/wp\/v2\/comments?post=262"}],"version-history":[{"count":16,"href":"https:\/\/jugendlager.at\/index.php\/wp-json\/wp\/v2\/pages\/262\/revisions"}],"predecessor-version":[{"id":283,"href":"https:\/\/jugendlager.at\/index.php\/wp-json\/wp\/v2\/pages\/262\/revisions\/283"}],"wp:attachment":[{"href":"https:\/\/jugendlager.at\/index.php\/wp-json\/wp\/v2\/media?parent=262"}],"curies":[{"name":"wp","href":"https:\/\/api.w.org\/{rel}","templated":true}]}}